{"id":18923,"date":"2011-04-16T10:09:43","date_gmt":"2011-04-16T10:09:43","guid":{"rendered":"http:\/\/apub.org.br\/?page_id=12"},"modified":"2021-03-19T13:26:09","modified_gmt":"2021-03-19T13:26:09","slug":"juridico","status":"publish","type":"page","link":"https:\/\/www.apub.org.br\/siteantigo\/a-apub-2\/juridico\/","title":{"rendered":"JUR\u00cdDICO"},"content":{"rendered":"\t\t<div data-elementor-type=\"wp-post\" data-elementor-id=\"18923\" class=\"elementor elementor-18923\" data-elementor-post-type=\"page\">\n\t\t\t\t\t\t<section class=\"elementor-section elementor-top-section elementor-element elementor-element-64e88c4b elementor-section-boxed elementor-section-height-default elementor-section-height-default\" data-id=\"64e88c4b\" data-element_type=\"section\">\n\t\t\t\t\t\t<div class=\"elementor-container elementor-column-gap-default\">\n\t\t\t\t\t<div class=\"elementor-column elementor-col-100 elementor-top-column elementor-element elementor-element-21ecbb36\" data-id=\"21ecbb36\" data-element_type=\"column\">\n\t\t\t<div class=\"elementor-widget-wrap elementor-element-populated\">\n\t\t\t\t\t\t<div class=\"elementor-element elementor-element-184c044c elementor-widget elementor-widget-text-editor\" data-id=\"184c044c\" data-element_type=\"widget\" data-widget_type=\"text-editor.default\">\n\t\t\t\t<div class=\"elementor-widget-container\">\n\t\t\t\t\t\t\t\t\t<h2><span style=\"text-align: justify;\">ATENDIMENTO<\/span><\/h2><p>Os filiados ativos e aposentados da APUB podem esclarecer d\u00favidas e ter orienta\u00e7\u00e3o jur\u00eddica com a nossa assessoria jur\u00eddica.\u00a0Para garantir seu conforto e atendimento da melhor forma, basta entrar em contato para agendamento de hor\u00e1rio atrav\u00e9s do telefone (71) 9.9654-5276 ou do e-mail\u00a0<a href=\"mailto:assessoriajuridica@apub.org.br\">assessoriajuridica@apub.org.br<\/a>. Os plant\u00f5es de atendimento acontecem todas as quartas e quintas-feiras, das 14h \u00e0s 18h, na sede da APUB e s\u00e3o organizados por ordem de chegada.<\/p><p style=\"text-align: justify;\"><strong>Links relacionados<\/strong><\/p><ul><li><a href=\"http:\/\/processual.trf1.jus.br\/\">Consulta Processual<\/a><\/li><li><a href=\"http:\/\/www5.tj.ba.gov.br\/index.php\">Tribunal de Justi\u00e7a da Bahia<\/a> -(TJ-BA)<\/li><li><a href=\"http:\/\/www.stj.gov.br\/\" target=\"_blank\" rel=\"noopener\">Superior Tribunal de Justi\u00e7a (STJ) &#8211; Bras\u00edlia<\/a><\/li><li><a href=\"http:\/\/www.stf.gov.br\/\" target=\"_blank\" rel=\"noopener\">Supremo Tribunal Federal (STF) &#8211; Bras\u00edlia<\/a><\/li><li><a href=\"http:\/\/www.tst.gov.br\/\" target=\"_blank\" rel=\"noopener\">Tribunal Superior do Trabalho (TST) &#8211; Bras\u00edlia<\/a><\/li><li><a href=\"http:\/\/www.tse.gov.br\/internet\/index.html\">Superior Tribunal Eleitoral &#8211; (STE) \u00a0Bras\u00edlia<\/a><\/li><li><a href=\"http:\/\/www.ssp.ba.gov.br\/\">Delegacia Digital &#8211; Secretaria de Seguran\u00e7a P\u00fablica da Bahia<\/a><\/li><li><a href=\"http:\/\/www.sac.ba.gov.br\/\">SAC &#8211; Servi\u00e7o de Atendimento ao Cidad\u00e3o &#8211; Bahia<\/a><\/li><\/ul>\t\t\t\t\t\t\t\t<\/div>\n\t\t\t\t<\/div>\n\t\t\t\t\t<\/div>\n\t\t<\/div>\n\t\t\t\t\t<\/div>\n\t\t<\/section>\n\t\t\t\t<\/div>\n\t\t","protected":false},"excerpt":{"rendered":"<p>ATENDIMENTO Os filiados ativos e aposentados da APUB podem esclarecer d\u00favidas e ter orienta\u00e7\u00e3o jur\u00eddica com a nossa assessoria jur\u00eddica.\u00a0Para garantir seu conforto e atendimento da melhor forma, basta entrar em contato para agendamento de hor\u00e1rio atrav\u00e9s do telefone (71) 9.9654-5276 ou do e-mail\u00a0assessoriajuridica@apub.org.br. Os plant\u00f5es de atendimento acontecem todas as quartas e quintas-feiras, das [&hellip;]<\/p>\n","protected":false},"author":1,"featured_media":0,"parent":18921,"menu_order":3,"comment_status":"closed","ping_status":"closed","template":"","meta":{"footnotes":""},"class_list":["post-18923","page","type-page","status-publish","hentry"],"_links":{"self":[{"href":"https:\/\/www.apub.org.br\/siteantigo\/wp-json\/wp\/v2\/pages\/18923","targetHints":{"allow":["GET"]}}],"collection":[{"href":"https:\/\/www.apub.org.br\/siteantigo\/wp-json\/wp\/v2\/pages"}],"about":[{"href":"https:\/\/www.apub.org.br\/siteantigo\/wp-json\/wp\/v2\/types\/page"}],"author":[{"embeddable":true,"href":"https:\/\/www.apub.org.br\/siteantigo\/wp-json\/wp\/v2\/users\/1"}],"replies":[{"embeddable":true,"href":"https:\/\/www.apub.org.br\/siteantigo\/wp-json\/wp\/v2\/comments?post=18923"}],"version-history":[{"count":0,"href":"https:\/\/www.apub.org.br\/siteantigo\/wp-json\/wp\/v2\/pages\/18923\/revisions"}],"up":[{"embeddable":true,"href":"https:\/\/www.apub.org.br\/siteantigo\/wp-json\/wp\/v2\/pages\/18921"}],"wp:attachment":[{"href":"https:\/\/www.apub.org.br\/siteantigo\/wp-json\/wp\/v2\/media?parent=18923"}],"curies":[{"name":"wp","href":"https:\/\/api.w.org\/{rel}","templated":true}]}}