{"id":16657,"date":"2015-08-14T17:00:46","date_gmt":"2015-08-14T20:00:46","guid":{"rendered":"http:\/\/apub.org.br\/?page_id=16657"},"modified":"2023-05-04T13:26:56","modified_gmt":"2023-05-04T16:26:56","slug":"downloads","status":"publish","type":"page","link":"https:\/\/www.apub.org.br\/siteantigo\/comunicacao-2\/downloads\/","title":{"rendered":"LOGOTIPO"},"content":{"rendered":"<h2>INSTITUCIONAL APUB\u00a0SINDICATO<\/h2>\n<ul>\n<li><a href=\"http:\/\/www.apub.org.br\/wp-content\/uploads\/2015\/08\/LOGOTIPO-APUB-Sindicato-PDF.pdf\">LOGOTIPO APUB Sindicato &#8211; PDF<\/a><\/li>\n<li><a href=\"http:\/\/www.apub.org.br\/wp-content\/uploads\/2015\/08\/LOGOTIPO-APUB-Sindicato-COREL.rar\">LOGOTIPO APUB Sindicato &#8211; COREL<\/a><\/li>\n<li><a href=\"http:\/\/www.apub.org.br\/wp-content\/uploads\/2015\/08\/LOGOTIPO-APUB-Sindicato-ILUSTRATOR.rar\">LOGOTIPO APUB Sindicato &#8211; ILUSTRATOR<\/a><\/li>\n<li><a href=\"http:\/\/www.apub.org.br\/wp-content\/uploads\/2015\/08\/LOGOTIPO-APUB-Sindicato-JPG.jpg\">LOGOTIPO APUB Sindicato &#8211; JPG<\/a><\/li>\n<li><a href=\"http:\/\/apub.org.br\/wp-content\/uploads\/2023\/02\/MARCA-APUB-VERTICAL-AZUL-SEM-RAZAO-SOCIAL.jpg\">LOGOTIPO APUB HORIZONTAL &#8211; SEM RAZ\u00c3O SOCIAL AZUL &#8211; JPG<\/a><\/li>\n<li><a href=\"http:\/\/apub.org.br\/wp-content\/uploads\/2023\/02\/MARCA-APUB-HORIZONTAL-AZUL-SEM-RAZAO-SOCIAL.jpg\">LOGOTIPO APUB VERTICAL &#8211; SEM RAZ\u00c3O SOCIAL &#8211; JPG<\/a><\/li>\n<li><a href=\"http:\/\/apub.org.br\/wp-content\/uploads\/2023\/02\/MARCA-APUB-VERTICAL-E-HORIZONTAL-AZUL-SEM-RAZAO-SOCIAL.pdf\">LOGOTIPO APUB VERTICAL E HORIZONTAL AZUL &#8211; SEM RAZ\u00c3O SOCIAL &#8211; PDF<\/a><\/li>\n<li><a href=\"http:\/\/apub.org.br\/wp-content\/uploads\/2023\/02\/MARCA-APUB-VERTICAL-E-HORIZONTAL-BRANCA-SEM-RAZAO-SOCIAL.pdf\">LOGOTIPO APUB VERTICAL E HORIZONTAL BRANCO &#8211; SEM RAZ\u00c3O SOCIAL &#8211; PDF<\/a><\/li>\n<li><a href=\"http:\/\/apub.org.br\/wp-content\/uploads\/2023\/02\/MARCA-APUB-VERTICAL-BRANCA-SEM-RAZAO-SOCIAL.png\">LOGOTIPO APUB VERTICAL BRANCO &#8211; SEM RAZ\u00c3O SOCIAL FUNDO TRANSPARENTE &#8211; PNG<\/a><\/li>\n<li><a href=\"http:\/\/apub.org.br\/wp-content\/uploads\/2023\/02\/MARCA-APUB-HORIZONTAL-BRANCA-SEM-RAZAO-SOCIAL.png\">LOGOTIPO APUB HORIZONTAL BRANCO &#8211; SEM RAZ\u00c3O SOCIAL FUNDO TRANSPARENTE\u00a0 &#8211; PNG<\/a><\/li>\n<\/ul>\n","protected":false},"excerpt":{"rendered":"<p>INSTITUCIONAL APUB\u00a0SINDICATO LOGOTIPO APUB Sindicato &#8211; PDF LOGOTIPO APUB Sindicato &#8211; COREL LOGOTIPO APUB Sindicato &#8211; ILUSTRATOR LOGOTIPO APUB Sindicato &#8211; JPG LOGOTIPO APUB HORIZONTAL &#8211; SEM RAZ\u00c3O SOCIAL AZUL &#8211; JPG LOGOTIPO APUB VERTICAL &#8211; SEM RAZ\u00c3O SOCIAL &#8211; JPG LOGOTIPO APUB VERTICAL E HORIZONTAL AZUL &#8211; SEM RAZ\u00c3O SOCIAL &#8211; PDF LOGOTIPO APUB [&hellip;]<\/p>\n","protected":false},"author":1,"featured_media":0,"parent":18927,"menu_order":8,"comment_status":"closed","ping_status":"closed","template":"","meta":{"footnotes":""},"class_list":["post-16657","page","type-page","status-publish","hentry"],"_links":{"self":[{"href":"https:\/\/www.apub.org.br\/siteantigo\/wp-json\/wp\/v2\/pages\/16657","targetHints":{"allow":["GET"]}}],"collection":[{"href":"https:\/\/www.apub.org.br\/siteantigo\/wp-json\/wp\/v2\/pages"}],"about":[{"href":"https:\/\/www.apub.org.br\/siteantigo\/wp-json\/wp\/v2\/types\/page"}],"author":[{"embeddable":true,"href":"https:\/\/www.apub.org.br\/siteantigo\/wp-json\/wp\/v2\/users\/1"}],"replies":[{"embeddable":true,"href":"https:\/\/www.apub.org.br\/siteantigo\/wp-json\/wp\/v2\/comments?post=16657"}],"version-history":[{"count":3,"href":"https:\/\/www.apub.org.br\/siteantigo\/wp-json\/wp\/v2\/pages\/16657\/revisions"}],"predecessor-version":[{"id":43502,"href":"https:\/\/www.apub.org.br\/siteantigo\/wp-json\/wp\/v2\/pages\/16657\/revisions\/43502"}],"up":[{"embeddable":true,"href":"https:\/\/www.apub.org.br\/siteantigo\/wp-json\/wp\/v2\/pages\/18927"}],"wp:attachment":[{"href":"https:\/\/www.apub.org.br\/siteantigo\/wp-json\/wp\/v2\/media?parent=16657"}],"curies":[{"name":"wp","href":"https:\/\/api.w.org\/{rel}","templated":true}]}}